
Is 81154 a multiple of 114?
False
Is 25897 a multiple of 29?
True
Is 41 a factor of 98243?
False
Is 271834 a multiple of 18?
False
Does 42 divide 29515?
False
Does 102 divide 210148?
False
Does 12 divide 443410?
False
Does 54 divide 183507?
False
Does 27 divide 220374?
True
Is 1240 a factor of 2375578?
False
Is 11 a factor of 94832?
False
Is 63 a factor of 13734?
True
Is 353175 a multiple of 25?
True
Is 4075965 a multiple of 951?
False
Is 71 a factor of 8095953?
False
Is 371246 a multiple of 4?
False
Does 1469 divide 3509441?
True
Is 4213066 a multiple of 45?
False
Is 78535 a multiple of 4?
False
Is 128640 a multiple of 26?
False
Is 100397 a multiple of 49?
False
Does 17 divide 1251523?
True
Does 10 divide 2507593?
False
Is 7937742 a multiple of 30?
False
Is 8876177 a multiple of 62?
False
Is 395 a factor of 14900190?
True
Is 359 a factor of 4936998?
False
Does 160 divide 361920?
True
Does 37 divide 637325?
True
Is 3073455 a multiple of 605?
False
Is 60574 a multiple of 31?
True
Does 17 divide 573930?
False
Does 2581 divide 6403461?
True
Is 144 a factor of 406368?
True
Is 63080 a multiple of 166?
True
Is 82892 a multiple of 106?
True
Is 84726 a multiple of 3?
True
Does 29 divide 54538?
False
Does 20 divide 101660?
True
Is 668483 a multiple of 44?
False
Does 6 divide 3332?
False
Is 702486 a multiple of 27?
True
Is 882 a factor of 2241697?
False
Does 23 divide 223081?
False
Does 91 divide 2649192?
True
Does 214 divide 21471076?
False
Is 7336751 a multiple of 36?
False
Does 871 divide 6458563?
False
Is 6606 a multiple of 46?
False
Does 500 divide 177271?
False
Is 1066313 a multiple of 96?
False
Does 13 divide 7242?
False
Is 1738703 a multiple of 18?
False
Is 21 a factor of 400785?
True
Does 641 divide 500621?
True
Does 529 divide 155591?
False
Is 15 a factor of 94065?
True
Is 26 a factor of 27191788?
True
Is 2970120 a multiple of 24?
True
Is 233 a factor of 364412?
True
Does 40 divide 2150480?
True
Is 82 a factor of 15277010?
True
Does 73 divide 4469498?
True
Is 10623936 a multiple of 24?
True
Is 186472 a multiple of 22?
True
Is 7 a factor of 27481?
False
Is 20972 a multiple of 29?
False
Does 30 divide 18390?
True
Is 448275 a multiple of 6?
False
Is 113 a factor of 14238?
True
Is 245 a factor of 8320708?
False
Does 398 divide 383672?
True
Does 19 divide 143830?
True
Is 6559206 a multiple of 6?
True
Is 949492 a multiple of 147?
False
Is 61 a factor of 75386?
False
Is 8 a factor of 1430000?
True
Is 64 a factor of 1023680?
True
Does 64 divide 82048?
True
Does 22 divide 34760?
True
Does 25 divide 5511050?
True
Is 12 a factor of 8353832?
False
Does 5 divide 232335?
True
Is 6 a factor of 99789?
False
Does 91 divide 584948?
True
Is 300058 a multiple of 23?
True
Does 39 divide 1150862?
False
Is 13463874 a multiple of 167?
True
Does 151 divide 163835?
True
Is 8 a factor of 1164906?
False
Is 529976 a multiple of 42?
False
Does 17 divide 269892?
True
Does 67 divide 461965?
True
Is 230 a factor of 1220041?
False
Is 320 a factor of 3426560?
True
Is 202 a factor of 199149?
False
Does 169 divide 181235?
False
Does 309 divide 450901?
False
Does 239 divide 21838140?
False
Does 274 divide 54969?
False
Does 1839 divide 19726048?
False
Is 644 a factor of 2621685?
False
Is 295044 a multiple of 12?
True
Is 2983184 a multiple of 8?
True
Is 4 a factor of 495733?
False
Is 7 a factor of 3567432?
False
Is 64 a factor of 164480?
True
Is 151800 a multiple of 8?
True
Is 312 a factor of 205608?
True
Is 27 a factor of 156153?
False
Is 448 a factor of 8960?
True
Is 660275 a multiple of 245?
True
Is 108319 a multiple of 19?
True
Does 326 divide 2493248?
True
Is 25 a factor of 135900?
True
Is 1219 a factor of 628410?
False
Is 2682333 a multiple of 245?
False
Is 340578 a multiple of 106?
True
Is 1543 a factor of 2697586?
False
Does 37 divide 103267?
True
Is 129851 a multiple of 2?
False
Is 2612691 a multiple of 26?
False
Does 3 divide 12430?
False
Is 1002969 a multiple of 27?
True
Is 35 a factor of 73579?
False
Does 18 divide 595026?
True
Is 84 a factor of 21531798?
False
Is 34238 a multiple of 6?
False
Does 28 divide 234880?
False
Is 400928 a multiple of 12?
False
Is 335 a factor of 7644030?
True
Is 34 a factor of 155519?
False
Does 12 divide 2374368?
True
Does 14 divide 153916?
True
Is 2890 a multiple of 289?
True
Is 6 a factor of 664014?
True
Is 251622 a multiple of 18?
True
Is 638645 a multiple of 277?
False
Does 53 divide 419071?
True
Is 2902426 a multiple of 128?
False
Does 147 divide 415716?
True
Is 19 a factor of 31244?
False
Is 9919256 a multiple of 148?
True
Does 48 divide 1884647?
False
Is 3531768 a multiple of 188?
True
Is 252078 a multiple of 307?
False
Does 25 divide 504559?
False
Is 120600 a multiple of 12?
True
Is 496428 a multiple of 23?
False
Is 17711577 a multiple of 60?
False
Does 62 divide 1329776?
True
Is 108 a factor of 638496?
True
Is 23 a factor of 3405058?
True
Is 279544 a multiple of 100?
False
Is 9 a factor of 24822?
True
Is 2013 a factor of 4178988?
True
Is 79 a factor of 3455529?
False
Is 2722744 a multiple of 211?
True
Is 448050 a multiple of 309?
True
Does 14 divide 299810?
True
Is 236 a factor of 772192?
True
Is 2102625 a multiple of 175?
True
Is 29341 a multiple of 13?
True
Is 51669 a multiple of 6?
False
Is 144858 a multiple of 42?
True
Is 2510508 a multiple of 289?
False
Does 13 divide 1688661?
True
Does 289 divide 36481?
False
Does 43 divide 2753010?
False
Does 15 divide 365175?
True
Is 52 a factor of 149500?
True
Does 96 divide 508874?
False
Does 10 divide 996560?
True
Is 6 a factor of 669504?
True
Is 3877395 a multiple of 604?
False
Is 153 a factor of 2732733?
True
Is 203333 a multiple of 367?
False
Does 25 divide 631380?
False
Is 1595070 a multiple of 9?
True
Is 34 a factor of 3574182?
True
Does 344 divide 1257320?
True
Is 1187019 a multiple of 26?
False
Is 235007 a multiple of 16?
False
Does 70 divide 1733130?
True
Is 2024828 a multiple of 23?
True
Is 5 a factor of 101970?
True
Is 32203512 a multiple of 33?
True
Does 160 divide 62731?
False
Is 47 a factor of 2476383?
True
Is 2943072 a multiple of 48?
True
Is 11 a factor of 2014935?
False
Does 6 divide 2278792?
False
Does 44 divide 451888?
False
Does 11 divide 1061291?
True
Does 16 divide 8320?
True
Does 17 divide 177854?
True
Does 195 divide 270270?
True
Is 165 a factor of 7394784?
False
Does 20 divide 761811?
False
Is 492158 a multiple of 256?
False
Is 26 a factor of 220688?
True
Is 12 a factor of 6322308?
True
Does 14 divide 511602?
True
Is 776794 a multiple of 22?
False
Is 373372 a multiple of 269?
True
Is 55104 a multiple of 56?
True
Is 4 a factor of 100688?
True
Does 122 divide 12430720?
False
Is 5791872 a multiple of 96?
True
Is 144619 a multiple of 19?
False
Is 2080184 a multiple of 6?
False
Is 1702873 a multiple of 11?
False
Is 83 a factor of 52871?
True
Does 21 divide 744902?
False
Is 3 a factor of 132059?
False
Does 51 divide 1468035?
True
Is 3115909 a multiple of 233?
True
Is 509718 a multiple of 174?
False
Is 4158 a multiple of 11?
True
Is 267495 a multiple of 8?
False
Is 170575 a multiple of 29?
False
Is 3 a factor of 1448776?
False
Is 288600 a multiple of 65?
True
Is 436185 a multiple of 359?
True
Is 50 a factor of 1170900?
True
Is 502 a factor of 182526?
False
Is 1887570 a multiple of 5?
True
Is 3362323 a multiple of 283?
True
Does 247 divide 81738?
False
Is 28812 a multiple of 12?
True
Is 121 a factor of 574508?
True
Does 165 divide 2056?
False
Is 19049 a multiple of 18?
False
Is 19 a factor of 6262913?
True
Does 41 divide 339111?
True
Is 88 a factor of 562797?
False
Does 177 divide 763836?
False
Is 77 a factor of 5309213?
False
Is 554484 a multiple of 21?
True
Is 326340 a multiple of 158?
False
Is 84129 a multiple of 225?
False
Is 14456862 a multiple of 18?
True
Is 861876 a multiple of 36?
True
Is 785510 a multiple of 22?
True
Does 10 divide 421323?
False
Does 2 divide 41256?
True
Is 161 a factor of 110124?
True
Is 9765571 a multiple of 166?
False
Is 69354 a multiple of 5?
False
Is 23 a factor of 630383?
False
Is 5613124 a multiple of 44?
True
Is 27 a factor of 1342045?
False
Is 3125610 a multiple of 151?
False
Does 60 divide 277740?
True
Is 1391756 a multiple of 211?
True
Is 6397878 a multiple of 84?
False
Is 573768 a multiple of 613?
True
Does 58 divide 21201?
False
